ose -3*k + 6*k + d = p, -4*k - 2*d + 90 = 0. What is the units digit of k?
4
Suppose 5*q = -2*a + 4*q + 42, -5*a + 105 = -2*q. Let c be a/28 - 90/(-8). What is the tens digit of 0 + -3 + 3 + c?
1
Let a = 2063 - 256. What is the hundreds digit of a?
8
Let r(m) = m**2 - 5*m - 2. Suppose 0 = -3*l + 10 - 4. Suppose l*d = 5 + 13. What is the units digit of r(d)?
4
Suppose 0 = c - 4*f + 19, -c - f + 0 + 6 = 0. What is the units digit of (c/2)/((-4)/(-64)*2)?
4
Let x be (2 + -1)/(3/18). Let w be (-16)/(-28)*21/x. Suppose 0 = 2*k + w*q - 32, 5*k = 2*q + 26 + 68. What is the units digit of k?
8
Suppose 0 = -5*o - 5, 0 = -5*h + 2*h - o + 1076. Let l = -147 + h. What is the units digit of l?
2
Let y(p) = p**2 - p + 1. Let w(k) = -6 - 2*k**2 + 11*k - 4*k**2 - 8. Let x(d) = -w(d) - 4*y(d). What is the tens digit of x(4)?
1
Suppose -2*k + 16 = 2*k. Let o be 2 - 4*(-2)/(-4). Suppose o = -k*d + 7*d - 84. What is the tens digit of d?
2
Let k = 6073 + -3372. What is the hundreds digit of k?
7
Let f(s) = 24*s - 2. Let n(r) = 2*r - 3. Let w be n(3). What is the tens digit of f(w)?
7
Suppose 16*w - 19*w = 15. What is the tens digit of (-522)/(-15) + (-1)/w?
3
Let h = -16 - -25. Suppose 3*z - 1 = 2*j - h, j = 4. Suppose 3*c = w + 210, z = 5*c - c + w - 273. What is the units digit of c?
9
Let p(q) = -q**2 - 11*q - 9. Let n be p(-9). Suppose 0 = 4*t - n - 391. What is the tens digit of t?
0
Suppose 5*t - s - 11872 = 0, 11*t - 6*t - 3*s - 11876 = 0. What is the tens digit of t?
7
Let u(c) = -23*c**3 + 2*c**2 - c - 7. What is the hundreds digit of u(-4)?
5
Let k be ((-102)/12)/(2/(-4)). Suppose 47 + k = 4*v. Let y = v - 0. What is the units digit of y?
6
Suppose 0 = z - 6*z + 2*v + 5431, 0 = 4*z - 3*v - 4342. What is the tens digit of z?
8
Let o(p) = -20*p - 12. Let z(g) = -21*g - 13. Let u(i) = -4*o(i) + 5*z(i). What is the hundreds digit of u(-8)?
1
Suppose l - 1049 = -2*g + 1371, -7300 = -3*l + 2*g. What is the thousands digit of l?
2
Let v(u) = u**3 + 10*u**2 - 10*u + 13. Let y be (24/(-10))/((-15)/50). Let q be (-86)/y + 1/(-4). What is the units digit of v(q)?
2
Let l be 2/11 + (-210)/66 - 69. Let c = 80 + l. What is the units digit of c?
8
Let w be (-2)/11 - (-780)/(-66). Let l be w/4 + 3 + -15. What is the tens digit of (l/4)/(2/(-8))?
1
Let q(k) = -1. Let j(u) = u**2 - 6*u - 12. Let g(b) = -j(b) - 5*q(b). What is the tens digit of g(6)?
1
What is the units digit of (2212/2 - 3) + 4?
7
Let z be (-2595)/10*(-2)/3. Suppose -2*j - z = -3*i, -5*i + 2*j = -123 - 172. What is the units digit of i?
1
Let c(x) = -x + 3. Let n be c(-7). Let o(s) be the second derivative of 2*s**3/3 - 5*s**2/2 + 12*s. What is the units digit of o(n)?
5
Let x(w) = -41*w - 111. What is the units digit of x(-17)?
6
What is the tens digit of ((-229)/(-5))/(1/5)?
2
Let c(m) = -8*m**3 - 5*m**2 - 12*m - 5. Suppose -12 = -t - 15. What is the tens digit of c(t)?
0
Suppose -2275 = -12*x + 51401. What is the thousands digit of x?
4
Suppose -2*p - 3 = 3. Let g be 1 - p/3 - 10. What is the tens digit of (30/(-4) - 2)*g?
7
Let n be 2/3 - 16/24. What is the units digit of 73 - (n + (-6)/(-2))?
0
What is the hundreds digit of 1*(-5 - 253)*50/(-15)?
8
Let i(q) = -15*q - 1 - 22*q + 4 - 2. Let v be i(-1). Let w = v + 4. What is the tens digit of w?
4
Let n(x) be the first derivative of 2*x**2 - 18*x + 1/3*x**3 + 8. What is the units digit of n(-8)?
4
Let d = 3500 - 1783. What is the tens digit of d?
1
Let c = 82 - -62. What is the units digit of c?
4
Let y(j) be the third derivative of j**6/120 + j**5/30 - j**4/6 + 2*j**3/3 - 12*j**2. Let h be y(-4). What is the units digit of (h/30)/(3/(-315))?
2
Let c(f) = -5*f**2 + 3*f + 2. Let u be c(-3). Let j = -33 - u. Suppose -2*m + 104 = -3*x, 5*x + j = 2*m - 77. What is the units digit of m?
8
Let g = 15 + -13. Suppose -21 = -g*o - 5*o. Suppose 5*b = -2*r + 83, -4*b + 49 = r + o. What is the units digit of r?
4
Suppose 2833 - 13953 = -8*u. What is the hundreds digit of u?
3
Let a(u) = -20*u + 9. Let j(x) = 20*x - 10. Let g(i) = 7*a(i) + 6*j(i). What is the units digit of g(-2)?
3
Let h(d) = -23*d - 171. What is the units digit of h(-45)?
4
Suppose 4*m + 2*k = 3258, -30*k + 34*k - 804 = -m. What is the tens digit of m?
1
Let w = 8328 - 5006. What is the units digit of w?
2
Suppose 597 - 2772 = -5*c - 5*u, -5*u = 3*c - 1301. What is the tens digit of c?
3
Let j be 1 + -1 + (230 - 5). Let y = -47 - -53. Suppose 0 = y*f - f - j. What is the units digit of f?
5
Suppose -4*i = -331 + 35. What is the units digit of i?
4
Suppose 4*t = -t + 2*n + 4190, 4*t + 2*n - 3334 = 0. What is the tens digit of t?
3
Suppose -3*k - 1 + 10 = 0. Suppose 3*d = 9 - k. What is the units digit of d?
2
Let u(l) = -3*l - 21. Let k be u(-5). Let s = 130 - k. What is the tens digit of s?
3
Let o(l) = l - 27. Let y be o(8). Let d = -9 - y. Suppose -4*g + d = g, 0 = 3*b + 5*g - 25. What is the units digit of b?
5
Suppose -6*o - 58*o + 222656 = 0. What is the thousands digit of o?
3
What is the tens digit of 4901 + 252/420 + (-32)/(-5)?
0
Let n be (-1176)/(-66) - (-2)/11. Suppose -n = h - 47. What is the units digit of h?
9
What is the units digit of -1*3/(-7) - (-44548)/98?
5
Suppose u - i = 1161, u + 8*i - 6*i - 1155 = 0. What is the thousands digit of u?
1
What is the units digit of 3/9*20*2787/4?
5
Let h be (-16816)/(-24) - (-2)/(-3). Suppose -3*a - a + h = 0. Suppose -3*x = -4*k + a - 71, 0 = -5*x. What is the units digit of k?
6
Let n(f) = -8*f + 279. What is the hundreds digit of n(-41)?
6
Suppose -2*g = 4*k - 1 - 1, -4*k + 17 = -g. Suppose -c = 5, 0*z - 365 = 5*z - k*c. What is the tens digit of 2/(z/(-37) - 2)?
3
Suppose -5*a + 141 = -79. Suppose 5*v - 5 = 5*q - 85, -2*q = 2*v - a. What is the tens digit of q?
1
Suppose -z - 22 = -3*z. Let p = z + -18. Let a = 16 + p. What is the units digit of a?
9
Let i = -16 + 51. Suppose -80 + 316 = 4*y. Let u = y - i. What is the tens digit of u?
2
Let s = 99 - -21. Let z = s - 66. What is the tens digit of z?
5
Let g = 20 + -14. Let j = 8 - g. Suppose -j - 1 = -d. What is the units digit of d?
3
Suppose 2*t + 2 = -0*t, 3*t = 4*j - 2063. What is the tens digit of j?
1
What is the units digit of 10 - (1 - 1912) - -3?
4
Suppose c = 4*l - 29, -6*c - 25 = -c. Suppose 3*n = -l - 0. Let j(f) = -4*f**3 - 4*f**2 - 2*f. What is the units digit of j(n)?
0
Let j be 1 - (-18)/(-3) - 1. What is the units digit of (177/j)/(1/(-2))?
9
Let t(v) = v**2 - 11*v + 76. What is the tens digit of t(38)?
0
Let v be (2/(-20)*5)/((-1)/(-172)). Let f = 134 + v. What is the units digit of f?
8
Let y = 18 + -13. Suppose 3*k + 7*v + y = 3*v, -20 = 4*v. Suppose 4*j = k*s + 2, -5*s + s + 3*j - 1 = 0. What is the units digit of s?
2
Let d(l) = -l**2 - 15*l + 43. What is the units digit of d(-14)?
7
Let t(r) = -5*r**3 + 21*r**2 + 17*r - 17. Let u(p) = -2*p**3 + 7*p**2 + 6*p - 6. Let x(o) = 3*t(o) - 8*u(o). What is the units digit of x(-6)?
5
Suppose -5*f + 11918 = 3*t - 3*f, -14*t + 3*f + 55679 = 0. What is the tens digit of t?
7
Let m be (-8)/(-4) - (-532)/4. Suppose -3*j - 195 = b, j + j - b + m = 0. What is the units digit of j/(-10) - (-6)/(-10)?
6
Suppose -7*b + 5*b + 4*h = -3476, -6960 = -4*b + 4*h. What is the thousands digit of b?
1
Let t be (-2)/(-11) + 2 + 42/11. Suppose -8*k + t*k = -3*j - 586, -5*j + 586 = 2*k. What is the tens digit of k?
9
Let v(h) = h**2 + 6*h - 5. What is the tens digit of v(-26)?
1
Let g = -167 + 416. Let y = -91 + g. What is the hundreds digit of y?
1
Let i = 81 + -80. Let n(r) = 63*r**3 - r. What is the tens digit of n(i)?
6
Let u(q) = 3*q**2 + q**2 - q + 3 - q**2. Let b be u(-3). Suppose -2 + 0 = z, -3*a + 3*z + b = 0. What is the units digit of a?
9
Let a = -3 + 53. What is the tens digit of a?
5
Suppose -5*o = -5, 4*z - 6534 = -3*o + o. What is the units digit of z?
3
Let q = -12 - -16. Let w be 440/2 + q/1. What is the units digit of (-16)/20 - w/(-5)?
4
Let o(r) = r + 14. Let h be o(-11). Let x be 3/h + -1 + 3. Suppose -x = -3*s, 4*q = -s - 0*s + 185. What is the units digit of q?
6
Suppose 4 + 1 = 5*o. Suppose -v = 0, 4*l + 4*v = 13 - o. Suppose 5*s = -4*d - d + 65, 0 = l*s - d - 35. What is the units digit of s?
2
Suppose 0 = -d - 2*d. Suppose d*q = 5*q - 265. What is the units digit of q?
3
Let c(z) = 3*z**2 + 20*z + 2. Let f be c(-8)